 digit of t?
8
Let y be 3/(-4) + (-1)/4. What is the tens digit of 27 + (1 - (y - -1))?
2
Let i = 118 - -70. What is the units digit of i?
8
Let u(p) = -3*p + 11. What is the units digit of u(-8)?
5
Suppose -k - 4*r = -47, 0*k + r = k - 22. What is the tens digit of k?
2
Let o be (3 + (-2 - 1))/2. Suppose t - 5*f - 7 = o, -3*t - 2*f = -2*t. What is the units digit of t?
2
Suppose 5*b - 37 = -2*j, 0 = 5*b - 13 - 12. What is the units digit of 8/j*18/4?
6
Let g be (0*1/3)/(-2). Let s(o) = -5*o + 2. Let m(k) = -k + 1. Let u(t) = 6*m(t) - s(t). What is the units digit of u(g)?
4
Suppose 2*t - 315 = -i, 4*i - 969 = i + 2*t. What is the hundreds digit of i?
3
Suppose 0 = -p + 4*f - 1 - 4, 0 = 5*p + 5*f - 25. What is the units digit of p?
3
Let d(b) = 29*b**2 - 2*b + 0*b - b - 2. What is the tens digit of d(-1)?
3
Suppose 0 = -r - 2 + 5. Suppose -r*h + 41 = -w, w - 5*w - 34 = -2*h. What is the tens digit of h?
1
Suppose 5*j - m - 11 = 0, m + 10 = -3*j + 23. Suppose -5*h = -j*h - 54. What is the tens digit of h?
2
Suppose 35 = 5*p - 4*t, -2*p + t - 28 = -6*p. Suppose 0 = d - 1 - p. What is the units digit of d?
8
Let q(o) = o**2 - 14*o + 18. What is the units digit of q(13)?
5
Let j = 65 - 61. What is the units digit of j?
4
Suppose -4*m = -2*m - 28. Suppose 2*y - 26 = m. What is the tens digit of y?
2
Let h be (-1)/(-3 - -2)*5. Suppose -h*f + 25 = 0, -70 = -2*u - 5*f - 1. What is the tens digit of u?
2
Suppose 5*p + 1 = -44. Let c = p - -4. What is the units digit of (-165)/(-9) - c/(-15)?
8
Let s(z) = -19*z**3 + z**2 - z + 1. Let g be s(1). Let w = g - -31. Suppose -2*o = -3*o + w. What is the tens digit of o?
1
Let d(r) = 9*r**3 + 2*r - 7. Let p(z) = 5*z**3 + z - 3. Let n(a) = 3*d(a) - 7*p(a). Suppose 2*t = -4*k + 6, t + 4 = 2*k - 1. What is the units digit of n(t)?
9
What is the tens digit of 6*2/6 + 45?
4
Suppose -z - 2 = 11. Suppose 2*c - c = -2*j + 44, 3*c - 12 = 0. Let x = j + z. What is the units digit of x?
7
Suppose -3*o - 3*b = -240, -3*o - 116 + 350 = 5*b. What is the tens digit of o?
8
Suppose -4*j + 3*l = -l - 260, 0 = 5*j + 5*l - 275. What is the units digit of j?
0
Let r = -3 + 5. Suppose r*u = 5*v - 63 + 8, -3*v + 2*u = -33. What is the units digit of v?
1
Let c(r) be the first derivative of -r**4/4 - 4*r**3/3 - 3*r**2/2 + 3. Let a be c(-3). What is the units digit of -1 - (0 - (a + 2))?
1
Let p be -30*(-8)/60*-3. What is the units digit of (-4)/(p/27) - -3?
2
Let s be 2/10 - (-3)/(-15). Suppose s = -b + 5*o - 11, 5*b + 2*o - 29 = -o. What is the units digit of b/14 + 47/7?
7
Let q(u) = -8*u**3 - u**2 - 9*u + 1. What is the tens digit of q(-3)?
3
Suppose 0 = -5*j - 5 + 15. Suppose -j*p + 16 = -2. Suppose -3*a + 3*f = -3, -a + p = -0*a + f. What is the units digit of a?
5
Let m(u) = 0*u + 3*u + 0*u - 1. What is the units digit of m(4)?
1
Let t = 3 - -3. Let y(l) = l**2 - 8*l + t + 6 - 3. What is the units digit of y(7)?
2
Let z(j) = -j**2 + 6*j - 6. Let g be z(4). Let d(t) = 2*t**2 - t - 3. Let a(p) = -3*p**2 + p + 5. Let b(i) = -5*a(i) - 8*d(i). What is the units digit of b(g)?
1
Let l = 68 - 65. What is the units digit of l?
3
Suppose 13*s - 248 - 246 = 0. What is the tens digit of s?
3
Let n be (-2)/(-5) + (-24)/10. Let w be -3*(n - (-4)/3). Suppose -w = -o - 1. What is the units digit of o?
1
Let j = 195 - 115. What is the units digit of j?
0
Let g(d) = -d**3 - 5*d**2 - 3*d - 1. Let m be g(-2). Let z = m + 19. What is the tens digit of z?
1
Let w = -2 + 2. Suppose w = -4*r + 6*r - 22. What is the units digit of r?
1
Let t = 173 - 54. What is the tens digit of t?
1
Let q = -140 - -429. What is the tens digit of q?
8
Suppose 9 = z - 4*h + 2, 4*z - 16 = 4*h. Let u(v) = 7*v**2 - z*v**3 - 4*v - 4 + 2*v**3 + v**2. What is the tens digit of u(7)?
1
Let r = 270 - -5. What is the tens digit of r?
7
Suppose -r - 5*d + 43 = 0, 2*r - 4*d - 98 = -2*d. What is the units digit of r?
8
Suppose 0*v + 138 = 2*v. Suppose v + 107 = 5*u + n, 5*u + 5*n - 160 = 0. Suppose -82 = -5*a + g, 0*a - 2*a + u = -2*g. What is the tens digit of a?
1
Let o = 15 - 4. What is the tens digit of o?
1
Let q(r) be the third derivative of -r**6/120 + r**5/10 - r**4/12 - r**3/2 + 10*r**2. What is the tens digit of q(4)?
2
Suppose -166 = -3*w - 4*u, 2*u + 0*u = -5*w + 286. What is the units digit of w?
8
Let w = 10 + -10. Suppose -3*r + c + 49 = 0, 4*c - 56 = -2*r - w*r. What is the units digit of r?
8
Let k be 12/8*(2 + -4). Let f = 13 - k. What is the units digit of f?
6
Let p(m) = 37*m + 6. Let f be p(4). Suppose -5*s + f = 4*y, -5*s + 29 = -4*s - y. What is the units digit of s?
0
What is the tens digit of (-2 + 6)/(4 - 36/10)?
1
Let z(g) = g - 4. Let w be z(0). Let u = w - -16. What is the units digit of u?
2
Suppose 3*z - z - 4 = 0. Let x be (0 - z/2) + 13. Let h = x + -4. What is the units digit of h?
8
Let x(y) = -y**3 + 6*y**2. Let w be x(6). Suppose 15 = c - w*c. What is the units digit of c?
5
Suppose -5*u = -0*u - 3*y + 22, 3*y - 2 = -5*u. What is the units digit of (-45)/(-6) - (-1)/u?
7
What is the units digit of 3 - 2 - (-47 - 2)?
0
Let h = -151 - -234. What is the tens digit of h?
8
Let l(y) = y**3 + 4*y**2 - 2*y - 6. What is the units digit of l(-4)?
2
Suppose -3*t + 616 = 3*j + t, 3*t = -6. What is the units digit of j?
8
Let h = 32 + -18. Suppose 2*o + 4*k = -0*k - h, -4*k - 20 = 0. What is the units digit of o?
3
Let c(q) = q**2 - 4*q - 7. Let r be c(6). Suppose -3*l + 7 = v - 6*v, -4*l + 21 = r*v. Suppose 17 - 45 = -l*i. What is the units digit of i?
7
What is the units digit of (-1)/((2/156)/(15/(-10)))?
7
What is the units digit of 68/20*5*1?
7
Let h(v) be the third derivative of -v**5/60 - v**4/3 - v**3/2 + 2*v**2. What is the units digit of h(-7)?
4
Let j(o) = o - 1. Let h be j(6). Let a be (58/5)/(2/h). Let z = a + -15. What is the units digit of z?
4
Let k(d) = -d**3 + 7*d**2 - 3*d - 6. Let f = 15 - 9. What is the units digit of k(f)?
2
What is the tens digit of -2 - -2 - (-52)/4?
1
Suppose 18 = -4*w + 6. Let n(c) = c**2 + c - 3. Let a be n(w). Suppose -2*p + 22 = 4*o, 2*o + 0*p + 1 = a*p. What is the units digit of o?
4
Let d(g) = g**2 + 7*g - 7. Suppose 0 = a + 4, 3*y + a = 5*a + 22. Suppose y*z + 3*z + 40 = 0. What is the units digit of d(z)?
1
Let j(t) = 9*t - 9. Let s(y) = -8*y + 8. Let d(r) = 6*j(r) + 7*s(r). Let c(o) = -o - 4. Let z be c(-2). What is the units digit of d(z)?
6
Let j(p) = -p**3 - 4*p**2 + 5*p + 4. Let b be j(-5). Suppose b*d - 3 - 5 = 0. Suppose -d*w + 17 = -13. What is the units digit of w?
5
Let z(b) = -5*b**3 + b**2 - 6*b - 5. Let t(f) = 6*f**3 + 5*f + 5. Let u(o) = 6*t(o) + 7*z(o). What is the units digit of u(-8)?
7
Suppose -3*m + 5 = 5*i - 0, -4*i + m = 13. Let y = i + 3. Suppose y = -2*g + 9. What is the units digit of g?
4
Let z be -1 - 2 - 55/5. Let a = 28 + z. What is the units digit of a?
4
Let l(q) = q**2 + 13*q + 10. Suppose v = 6 - 4. Let m(i) = 3*i**2 + 39*i + 30. Let f(j) = v*m(j) - 7*l(j). What is the units digit of f(-11)?
2
Let w be -2*(11/(-2) - -3). Suppose 4*a + 5*o - 44 = 0, 0 = -w*a - 2*o + 21 + 51. What is the units digit of a?
6
Let m(w) = w**3 - 3*w**2 + 2*w. Let p be m(2). Let h be p - (-2 + -1 + 1). What is the units digit of h/1 - (-3 - -4)?
1
Suppose -4*m + m + 3*i = 45, 5*m = i - 79. Let d(b) = -b**3 - 15*b**2 + 14*b + 21. What is the tens digit of d(m)?
5
Let k be (-1 - (-1 - 1)) + 3. Suppose 3*t = 1 + 2, k*b + t = 9. What is the units digit of b?
2
Suppose -5*p - 2*p = -735. What is the tens digit of p?
0
Let o(b) = b**2 - 7*b + 1. Suppose 0 = 3*t + 4 - 1. Let r(c) = c. Let f(l) = t*o(l) + 2*r(l). What is the tens digit of f(7)?
1
Suppose 3*z - 3*u - 29 = 2*z, u - 41 = -z. What is the tens digit of z?
3
Suppose 0 = -4*r + 6 + 14. Suppose -r*l + 0*l = -5. What is the units digit of l?
1
Let t = 17 + 1. Let k = t + -8. What is the tens digit of k?
1
What is the tens digit of 12 + 2*(-4)/8?
1
Let u(a) = -9*a - 14. What is the units digit of u(-4)?
2
Let l = 9 + -14. Let y = l + 33. What is the tens digit of y?
2
Let g = 7 - 1. Suppose z - g - 4 = 0. What is the units digit of z?
0
Suppose -3*o - 20 - 58 = 0. Let a = -8 - o. What is the units digit of a?
8
Let b(a) = -5*a - 2. Let x be b(5). Let d = x - -10. Let c = 24 + d. What is the units digit of c?
7
Suppose 2*n = -n - 6. Let p = 2 + 